= -15*r**3 + 3*r**2 + 10*r - 1. Let q be p(-5). Suppose k - q = 4*h, 2*k + 3*k + 4*h = 9495. Suppose -3*g + k = 558. Is g a prime number?
False
Let j(u) = -3*u**2 + 0*u**2 + 191*u**3 + 2*u**2 - 2 + 3. Is j(1) composite?
False
Suppose 6*s + 2*s = 16. Suppose h = -s, 3*q = -2*q + 5*h + 3725. Is q prime?
True
Let d(a) = 7*a**3 - a**2. Let n be d(1). Suppose -n*c + 33 = -2913. Suppose -t = -0*t - c. Is t a composite number?
False
Let q(c) = 2*c**3 + 0*c**3 + 7*c**2 - 13 + 38*c - 33*c + 0*c**2. Let s(o) = -4*o**3 - 13*o**2 - 10*o + 25. Let d(z) = -11*q(z) - 6*s(z). Is d(5) a prime number?
True
Let x = 3795 - 2266. Is x composite?
True
Let i be 4/3*(-12)/(-8). Suppose 0*v = i*v. Suppose 4*s + 151 = 5*q, v = q + 2*s + s - 34. Is q prime?
True
Let m = -5 + -10. Let q be (76/3)/((-10)/m). Is ((-19)/q)/((-2)/1636) a composite number?
False
Let m = -52 + 51. Is 26*8 + m + 4 a composite number?
False
Let n be (-1)/(-4) - 22/(-8). Suppose 0 = -n*b - 2*l - 2*l - 227, -5*l = -2*b - 159. Let u = -54 - b. Is u composite?
False
Suppose -22*t + 13*t + 83277 = 0. Is t composite?
True
Let d(j) = -j**2 + j. Let c(y) = 74*y**2 - 2*y + 1. Let v(w) = c(w) + 2*d(w). Is v(-2) composite?
True
Suppose -4*k - 12739 = -t, 2*t + t + k - 38165 = 0. Is t composite?
True
Let f = -61 + 75. Is -1*((-6)/42 + (-9896)/f) prime?
False
Let m be (-2)/2 + (3 - (4 - 4329)). Suppose 3*d - 6*v = -v + m, 0 = -3*d + 3*v + 4323. Is d composite?
False
Suppose -8*w = -w - 2086. Suppose w - 1265 = -h. Is h a prime number?
True
Is (-70)/20 + 3 + (-25414)/(-4) prime?
True
Let a = -3259 + 6573. Let f = a - 1159. Is f composite?
True
Suppose -3*m + 9 = -j, -8 + 0 = 4*j - 5*m. Suppose 1725 = -3*q + j*u, 3*q = 2*u - 1856 + 127. Let r = -328 - q. Is r a composite number?
False
Let u = 330 - 747. Let s = u + 688. Is s prime?
True
Let p = -70 - -72. Is 116/(7 - 3)*89 - p composite?
False
Suppose 2*i - 81605 - 39709 = 0. Is i composite?
True
Let o(v) = -5*v**2 + 16*v. Let b be o(8). Let i = b + 405. Is i composite?
True
Is (7 + 520/3)*15 composite?
True
Suppose -9*a = -5*o - 4*a + 26535, -5*o + 26519 = 3*a. Is o a prime number?
False
Let j(s) = s**3 + 33*s**2 + 88*s - 33. Is j(-29) prime?
False
Let o = 21099 - 12085. Is o a composite number?
True
Suppose d - 4*k + 1259 = 0, 5*d + 5*k + 6270 = -0*k. Let m = -606 - d. Is m composite?
True
Suppose -3*q = 5*y - 6, y - 12 = 5*q + 6. Is y/4 + (-1059)/(-12) a composite number?
False
Suppose -2*h = -3*h + 3*j + 9, -5*j - 17 = -2*h. Suppose 3*b - 42 = h. Let a(p) = 5*p + 23. Is a(b) a composite number?
False
Let l be 10 + 3/((-3)/(-2)). Suppose 0 = -s + 4*x + 16, 0 = 4*x - 7*x - l. Is (s + -1)/((-1)/431) a composite number?
False
Let w(x) = -x + 13. Let z be w(11). Suppose 5*t - 2*o = z*o - 22554, -t = 3*o + 4526. Is (-12)/(-54) - t/18 composite?
False
Let q(u) = u**3 + u**2 - 1512. Let y be q(0). Let h = 2257 + y. Let z = h - -228. Is z prime?
False
Suppose 0*t - 3*t = 2*n - 7369, 0 = -5*t - 2*n + 12275. Is t composite?
True
Let l(g) be the first derivative of 41*g**4/4 + g**3/6 + g**2 + 7. Let n(i) be the second derivative of l(i). Is n(1) prime?
False
Let u be (9/12)/(1/4). Suppose -10*k = -6*k - 3*r - 1478, -5*k + 1849 = -u*r. Is k a prime number?
False
Is (2 - 9)/(4/(-7468)) prime?
False
Let m be 0/14*2/(-2). Suppose -4*d + 4587 + 761 = m. Is d composite?
True
Let c be (-7)/(-21) - 11/(-3). Suppose 4*v = -4*w + 1256, c*v + w - 1221 = 4*w. Suppose -b + 128 = -v. Is b prime?
False
Let d = 8 - 3. Suppose -3*v = 6, 3*p + 2*v - 3 = d*v. Is -74*p*(-57)/(-6) a composite number?
True
Let d(n) = n - 10. Let r be d(4). Suppose -5*x + 35 = 15. Is x + 265 + r + 2 a composite number?
True
Let s(z) = -3773*z - 338. Is s(-8) composite?
True
Let u = 48 - -761. Is u prime?
True
Suppose 0 = q - 3382 - 15103. Is q prime?
False
Let y(d) = -d**3 + 46*d**2 + 316*d + 72. Is y(49) a prime number?
True
Let c = -602 - -981. Is c a prime number?
True
Suppose 3*p - 518 - 1954 = -3*b, -1639 = -2*p + b. Is p prime?
True
Let m = 363 + 8. Is m composite?
True
Let j(y) = 2*y - 7. Let m be j(6). Suppose 3*z = 9, 3*x - 113 = -5*z - m. Is x a prime number?
True
Suppose -236 = 8*o + 52. Let s = o - -82. Is s prime?
False
Let f(l) = l + 2 + 5*l**2 - 2 + 1 + l**2. Let m = -38 + 34. Is f(m) a composite number?
True
Let t(g) = g**2 - 4*g - 10. Let n be t(6). Suppose 12*o = n*o + 2740. Is o a prime number?
False
Suppose -6 = -4*a + 2*d + 3*d, 0 = 5*a + 5*d - 30. Let l = a - -4. Let q(b) = 60*b - 1. Is q(l) prime?
True
Suppose p = 4*p + 2*x - 15, 0 = -4*x. Let h(q) = q**3 - 2*q**2 - q + 4. Is h(p) a prime number?
False
Let o be (-2)/(-12) - 143/(-78). Is (o + 3)/(3/843) a prime number?
False
Let m be 8 + 12/(-3 - 1). Let d(z) = -2 + 0*z - 3*z + 1 + m*z**2. Is d(3) a composite number?
True
Let m(y) = -y**3 - 10*y**2 - 22*y - 4. Let q be m(-7). Suppose q*z = -5*z + 6040. Is z composite?
True
Let j(m) = -m**3 + 7*m**2 + 7*m + 13. Suppose -5*u = 2*y + 2 - 18, 3*y - u = 24. Let b be j(y). Suppose -3*i + b*q = -1360, i + q - 435 = -q. Is i composite?
True
Suppose 2*h - 2293 = -3*j, 5724 = 11*h - 6*h - j. Is h a prime number?
False
Let n = 41 + -23. Let u(i) = 4*i**2 - 33*i - 1. Is u(n) a prime number?
True
Suppose -u - 6 = -785. Is u a composite number?
True
Let x be (-1)/(2/6*-1). Suppose -a - x = -2*a. Suppose 0 = 3*z + q - 54, 2*z + 29 = 4*z + a*q. Is z a composite number?
False
Let b(p) be the third derivative of -p**6/120 + 7*p**5/20 - 11*p**4/24 + 43*p**3/6 - 17*p**2. Is b(20) composite?
False
Suppose -9*k = -10*k + 4*j + 4469, 3*k - 13455 = -4*j. Is k a composite number?
False
Let f(u) = 342*u**2 - 8*u + 9. Is f(-8) composite?
False
Suppose 2*p = 2*r - 2*p - 108126, -2*r = 2*p - 108156. Is r a prime number?
False
Let x = -70 + -52. Let h be 1 + x/((-4)/2). Suppose -95 - h = -w. Is w composite?
False
Suppose 40*h - 66*h + 288106 = 0. Is h composite?
True
Let z = 1652 + 1067. Is z a prime number?
True
Let h(f) = 9*f**3 + 2*f**2 - 2*f - 2. Let u(v) = 0*v + 2 + v**2 - 1 + v**2 - v. Let c be u(1). Is h(c) composite?
True
Let g = -46 + 213. Let y = 322 - g. Is y a composite number?
True
Let l be 12/(-3) - -2 - -7. Suppose -4*g + n = 3*n - 26, n - l = -g. Is ((-868)/g)/((-2)/4) prime?
False
Let a(h) = -5*h - 403 + h + 2021. Is a(0) a prime number?
False
Suppose -3*o + 13661 = -f, f = -0*f - 2. Is o prime?
False
Suppose 4*s + 114 + 190 = 2*m, 0 = 5*m + 5*s - 760. Let g = 663 - m. Is g a prime number?
False
Suppose -s + 4 = -15. Suppose 22*b - 3 = s*b. Is b/6 + (-18685)/(-30) a prime number?
False
Let p(m) = m**2 + 9*m - 18. Let t be p(-11). Suppose 991 = 3*d - x, -d - t*x + 83 = -256. Is d a composite number?
False
Let f = -26 - -31. Let b = 1 - -3. Suppose -f*l - 470 = -5*u, 0 = b*u + l + 2*l - 376. Is u prime?
False
Suppose 3*u = -u + 3*f + 5518, 0 = 3*u + 4*f - 4151. Is u composite?
False
Let r be -3 - -2 - (1 + 4 - 4). Is (r + (-10)/(-6))/(2/(-7242)) composite?
True
Let p = 2136 + 55. Is p prime?
False
Let n be (-6 + 5)/((-2)/28). Let g(x) = 147*x - 1. Let i be g(2). Let l = n + i. Is l a prime number?
True
Let d(a) = -a**3 + 20*a**2 + 14*a - 26. Is d(11) a prime number?
True
Suppose 5*f = 3*f + 4. Let q be (2/(-2))/(f/(-8)). Suppose 0 = l + 5, -q*o + 166 = 4*l - 162. Is o a composite number?
True
Let o be 4/((-16)/(-10))*4. Let p(s) = 3*s**2 + 4*s - 9. Is p(o) composite?
False
Let y(w) = 11*w**2 + 6*w - 14. Let d be y(-11). Suppose 3*o - 5988 = d. Is o prime?
False
Let n(b) = b**2. Let j(x) = -3*x**2 - 5. Let f(c) = -j(c) - 2*n(c). Let l be f(0). Suppose 2*t + 3*d = -2*t + 821, l*t = -d + 1018. Is t prime?
False
Let p(x) = 55*x**3 - 3*x**2 - 10*x + 1. Is p(4) prime?
True
Suppose 3*u - 10*f - 2107 = -11*f, 2*u = -5*f + 1422. Is u prime?
True
Let y = 503 - -120. Is y prime?
False
Suppose 3*l + 6 = 6. Suppose i + 2*i - 12 = l, j - 477 = 2*i. Is j a prime number?
False
Suppose 2*d - 4122 + 1706 = 0. Let n = -523 + d. Is n prime?
False
Suppose -4*i - 1 = 2*c + 1, 0 = 3*i + 4*c + 4. Suppose 2*g + y - 589 = i, -5*g + y = 3*y - 1471. Is g composite?
False
Suppose 0 = 5*m - 2*m. Suppose m = -2*s - 87 + 473. Suppose n - 157 = -3*y - 4*n, s = 3*y - 4*n. Is y prime?
True
Let r(u) be the third derivative of 53*u**7/840 + u**6/240 + u**5/120 + u**4/4 - u**2. Let x(q) be the second derivative of r(q). Is x(-2) a 